{"id":69,"date":"2021-01-12T08:29:47","date_gmt":"2021-01-12T05:29:47","guid":{"rendered":"https:\/\/shtheme.org\/demosd\/logistek\/?page_id=69"},"modified":"2021-07-13T15:52:46","modified_gmt":"2021-07-13T12:52:46","slug":"%d9%85%d9%86%d8%aa%d8%ac%d8%a7%d8%aa%d9%86%d8%a7","status":"publish","type":"page","link":"https:\/\/politekssunideri.com.tr\/arb\/%d9%85%d9%86%d8%aa%d8%ac%d8%a7%d8%aa%d9%86%d8%a7\/","title":{"rendered":"\u0645\u0646\u062a\u062c\u0627\u062a\u0646\u0627"},"content":{"rendered":"\t\t<div data-elementor-type=\"wp-page\" data-elementor-id=\"69\" class=\"elementor elementor-69\" data-elementor-settings=\"[]\">\n\t\t\t\t\t\t\t<div class=\"elementor-section-wrap\">\n\t\t\t\t\t\t\t<section class=\"elementor-section elementor-top-section elementor-element elementor-element-5445cb3 elementor-section-boxed elementor-section-height-default elementor-section-height-default\" data-id=\"5445cb3\" data-element_type=\"section\">\n\t\t\t\t\t\t<div class=\"elementor-container elementor-column-gap-default\">\n\t\t\t\t\t<div class=\"elementor-column elementor-col-100 elementor-top-column elementor-element elementor-element-eb140c1\" data-id=\"eb140c1\" data-element_type=\"column\">\n\t\t\t<div class=\"elementor-widget-wrap elementor-element-populated\">\n\t\t\t\t\t\t\t\t<div class=\"elementor-element elementor-element-50c11bd elementor-widget elementor-widget-heading\" data-id=\"50c11bd\" data-element_type=\"widget\" data-widget_type=\"heading.default\">\n\t\t\t\t<div class=\"elementor-widget-container\">\n\t\t\t<h2 class=\"elementor-heading-title elementor-size-medium\">\u0645\u0646\u062a\u062c\u0627\u062a\u0646\u0627<\/h2>\t\t<\/div>\n\t\t\t\t<\/div>\n\t\t\t\t\t<\/div>\n\t\t<\/div>\n\t\t\t\t\t\t\t<\/div>\n\t\t<\/section>\n\t\t\t\t<section class=\"elementor-section elementor-top-section elementor-element elementor-element-319979f elementor-section-boxed elementor-section-height-default elementor-section-height-default\" data-id=\"319979f\" data-element_type=\"section\">\n\t\t\t\t\t\t<div class=\"elementor-container elementor-column-gap-default\">\n\t\t\t\t\t<div class=\"elementor-column elementor-col-100 elementor-top-column elementor-element elementor-element-8add46d\" data-id=\"8add46d\" data-element_type=\"column\">\n\t\t\t<div class=\"elementor-widget-wrap elementor-element-populated\">\n\t\t\t\t\t\t\t\t<div class=\"elementor-element elementor-element-63f7adb gallery-spacing-custom animated-slow elementor-invisible elementor-widget elementor-widget-image-gallery\" data-id=\"63f7adb\" data-element_type=\"widget\" data-settings=\"{&quot;_animation&quot;:&quot;rotateInDownLeft&quot;}\" data-widget_type=\"image-gallery.default\">\n\t\t\t\t<div class=\"elementor-widget-container\">\n\t\t\t\t\t<div class=\"elementor-image-gallery\">\n\t\t\t\n\t\t<style type=\"text\/css\">\n\t\t\t#gallery-1 {\n\t\t\t\tmargin: auto;\n\t\t\t}\n\t\t\t#gallery-1 .gallery-item {\n\t\t\t\tfloat: left;\n\t\t\t\tmargin-top: 10px;\n\t\t\t\ttext-align: center;\n\t\t\t\twidth: 33%;\n\t\t\t}\n\t\t\t#gallery-1 img {\n\t\t\t\tborder: 2px solid #cfcfcf;\n\t\t\t}\n\t\t\t#gallery-1 .gallery-caption {\n\t\t\t\tmargin-left: 0;\n\t\t\t}\n\t\t\t\/* see gallery_shortcode() in wp-includes\/media.php *\/\n\t\t<\/style>\n\t\t<div id='gallery-1' class='gallery galleryid-69 gallery-columns-3 gallery-size-medium'><dl class='gallery-item'>\n\t\t\t<dt class='gallery-icon portrait'>\n\t\t\t\t<a data-elementor-open-lightbox=\"yes\" data-elementor-lightbox-slideshow=\"63f7adb\" data-elementor-lightbox-title=\"AYAKKABI ZENNE\" data-elementor-lightbox-description=\"Politeks Suni Deri\" href='https:\/\/politekssunideri.com.tr\/arb\/wp-content\/uploads\/2021\/06\/AYAKKABI-ZENNE.png'><img width=\"277\" height=\"300\" src=\"https:\/\/politekssunideri.com.tr\/arb\/wp-content\/uploads\/2021\/06\/AYAKKABI-ZENNE-277x300.png\" class=\"attachment-medium size-medium\" alt=\"\" decoding=\"async\" loading=\"lazy\" aria-describedby=\"gallery-1-1186\" srcset=\"https:\/\/politekssunideri.com.tr\/arb\/wp-content\/uploads\/2021\/06\/AYAKKABI-ZENNE-277x300.png 277w, https:\/\/politekssunideri.com.tr\/arb\/wp-content\/uploads\/2021\/06\/AYAKKABI-ZENNE.png 450w\" sizes=\"(max-width: 277px) 100vw, 277px\" \/><\/a>\n\t\t\t<\/dt>\n\t\t\t\t<dd class='wp-caption-text gallery-caption' id='gallery-1-1186'>\n\t\t\t\t\u0627\u0644\u0623\u062d\u0630\u064a- \u0623\n\t\t\t\t<\/dd><\/dl><dl class='gallery-item'>\n\t\t\t<dt class='gallery-icon portrait'>\n\t\t\t\t<a data-elementor-open-lightbox=\"yes\" data-elementor-lightbox-slideshow=\"63f7adb\" data-elementor-lightbox-title=\"AYAKKABILIK\" data-elementor-lightbox-description=\"Politeks Suni Deri\" href='https:\/\/politekssunideri.com.tr\/arb\/wp-content\/uploads\/2021\/06\/AYAKKABILIK.png'><img width=\"277\" height=\"300\" src=\"https:\/\/politekssunideri.com.tr\/arb\/wp-content\/uploads\/2021\/06\/AYAKKABILIK-277x300.png\" class=\"attachment-medium size-medium\" alt=\"\" decoding=\"async\" loading=\"lazy\" aria-describedby=\"gallery-1-1187\" srcset=\"https:\/\/politekssunideri.com.tr\/arb\/wp-content\/uploads\/2021\/06\/AYAKKABILIK-277x300.png 277w, https:\/\/politekssunideri.com.tr\/arb\/wp-content\/uploads\/2021\/06\/AYAKKABILIK.png 450w\" sizes=\"(max-width: 277px) 100vw, 277px\" \/><\/a>\n\t\t\t<\/dt>\n\t\t\t\t<dd class='wp-caption-text gallery-caption' id='gallery-1-1187'>\n\t\t\t\t\u0627\u0644\u0623\u062d\u0630\u064a-\u0662\n\t\t\t\t<\/dd><\/dl><dl class='gallery-item'>\n\t\t\t<dt class='gallery-icon portrait'>\n\t\t\t\t<a data-elementor-open-lightbox=\"yes\" data-elementor-lightbox-slideshow=\"63f7adb\" data-elementor-lightbox-title=\"BOTLUK\" data-elementor-lightbox-description=\"Politeks Suni Deri\" href='https:\/\/politekssunideri.com.tr\/arb\/wp-content\/uploads\/2021\/06\/BOTLUK.png'><img width=\"277\" height=\"300\" src=\"https:\/\/politekssunideri.com.tr\/arb\/wp-content\/uploads\/2021\/06\/BOTLUK-277x300.png\" class=\"attachment-medium size-medium\" alt=\"\" decoding=\"async\" loading=\"lazy\" aria-describedby=\"gallery-1-1188\" srcset=\"https:\/\/politekssunideri.com.tr\/arb\/wp-content\/uploads\/2021\/06\/BOTLUK-277x300.png 277w, https:\/\/politekssunideri.com.tr\/arb\/wp-content\/uploads\/2021\/06\/BOTLUK.png 450w\" sizes=\"(max-width: 277px) 100vw, 277px\" \/><\/a>\n\t\t\t<\/dt>\n\t\t\t\t<dd class='wp-caption-text gallery-caption' id='gallery-1-1188'>\n\t\t\t\t\u0627\u0644\u0628\u0648\u0637\n\t\t\t\t<\/dd><\/dl><br style=\"clear: both\" \/><dl class='gallery-item'>\n\t\t\t<dt class='gallery-icon portrait'>\n\t\t\t\t<a data-elementor-open-lightbox=\"yes\" data-elementor-lightbox-slideshow=\"63f7adb\" data-elementor-lightbox-title=\"\u00c7ANTALIK\" data-elementor-lightbox-description=\"Politeks Suni Deri\" href='https:\/\/politekssunideri.com.tr\/arb\/wp-content\/uploads\/2021\/06\/CANTALIK.png'><img width=\"277\" height=\"300\" src=\"https:\/\/politekssunideri.com.tr\/arb\/wp-content\/uploads\/2021\/06\/CANTALIK-277x300.png\" class=\"attachment-medium size-medium\" alt=\"\" decoding=\"async\" loading=\"lazy\" aria-describedby=\"gallery-1-1189\" srcset=\"https:\/\/politekssunideri.com.tr\/arb\/wp-content\/uploads\/2021\/06\/CANTALIK-277x300.png 277w, https:\/\/politekssunideri.com.tr\/arb\/wp-content\/uploads\/2021\/06\/CANTALIK.png 450w\" sizes=\"(max-width: 277px) 100vw, 277px\" \/><\/a>\n\t\t\t<\/dt>\n\t\t\t\t<dd class='wp-caption-text gallery-caption' id='gallery-1-1189'>\n\t\t\t\t\u0627\u0644\u062d\u0642\u0627\u0626\u0628\n\t\t\t\t<\/dd><\/dl><dl class='gallery-item'>\n\t\t\t<dt class='gallery-icon portrait'>\n\t\t\t\t<a data-elementor-open-lightbox=\"yes\" data-elementor-lightbox-slideshow=\"63f7adb\" data-elementor-lightbox-title=\"D\u00d6\u015eEMEL\u0130K\" data-elementor-lightbox-description=\"Politeks Suni Deri\" href='https:\/\/politekssunideri.com.tr\/arb\/wp-content\/uploads\/2021\/06\/DOSEMELIK.png'><img width=\"277\" height=\"300\" src=\"https:\/\/politekssunideri.com.tr\/arb\/wp-content\/uploads\/2021\/06\/DOSEMELIK-277x300.png\" class=\"attachment-medium size-medium\" alt=\"\" decoding=\"async\" loading=\"lazy\" aria-describedby=\"gallery-1-1190\" srcset=\"https:\/\/politekssunideri.com.tr\/arb\/wp-content\/uploads\/2021\/06\/DOSEMELIK-277x300.png 277w, https:\/\/politekssunideri.com.tr\/arb\/wp-content\/uploads\/2021\/06\/DOSEMELIK.png 450w\" sizes=\"(max-width: 277px) 100vw, 277px\" \/><\/a>\n\t\t\t<\/dt>\n\t\t\t\t<dd class='wp-caption-text gallery-caption' id='gallery-1-1190'>\n\t\t\t\t\u062a\u0646\u062c\u064a\u062f \u0627\u0644\u0645\u0641\u0631\u0648\u0634\u0627\u062a\n\t\t\t\t<\/dd><\/dl><dl class='gallery-item'>\n\t\t\t<dt class='gallery-icon portrait'>\n\t\t\t\t<a data-elementor-open-lightbox=\"yes\" data-elementor-lightbox-slideshow=\"63f7adb\" data-elementor-lightbox-title=\"KEMERL\u0130K\" data-elementor-lightbox-description=\"Politeks Suni Deri\" href='https:\/\/politekssunideri.com.tr\/arb\/wp-content\/uploads\/2021\/06\/KEMERLIK.png'><img width=\"277\" height=\"300\" src=\"https:\/\/politekssunideri.com.tr\/arb\/wp-content\/uploads\/2021\/06\/KEMERLIK-277x300.png\" class=\"attachment-medium size-medium\" alt=\"\" decoding=\"async\" loading=\"lazy\" aria-describedby=\"gallery-1-1192\" srcset=\"https:\/\/politekssunideri.com.tr\/arb\/wp-content\/uploads\/2021\/06\/KEMERLIK-277x300.png 277w, https:\/\/politekssunideri.com.tr\/arb\/wp-content\/uploads\/2021\/06\/KEMERLIK.png 450w\" sizes=\"(max-width: 277px) 100vw, 277px\" \/><\/a>\n\t\t\t<\/dt>\n\t\t\t\t<dd class='wp-caption-text gallery-caption' id='gallery-1-1192'>\n\t\t\t\t\u0627\u0644\u062d\u0632\u0627\u0645 (\u0627\u0644\u0642\u0634\u0627\u0637)\n\t\t\t\t<\/dd><\/dl><br style=\"clear: both\" \/><dl class='gallery-item'>\n\t\t\t<dt class='gallery-icon portrait'>\n\t\t\t\t<a data-elementor-open-lightbox=\"yes\" data-elementor-lightbox-slideshow=\"63f7adb\" data-elementor-lightbox-title=\"KIVIRMA-AKS\" data-elementor-lightbox-description=\"Politeks Suni Deri\" href='https:\/\/politekssunideri.com.tr\/arb\/wp-content\/uploads\/2021\/06\/KIVIRMA-AKS.png'><img width=\"277\" height=\"300\" src=\"https:\/\/politekssunideri.com.tr\/arb\/wp-content\/uploads\/2021\/06\/KIVIRMA-AKS-277x300.png\" class=\"attachment-medium size-medium\" alt=\"\" decoding=\"async\" loading=\"lazy\" aria-describedby=\"gallery-1-1193\" srcset=\"https:\/\/politekssunideri.com.tr\/arb\/wp-content\/uploads\/2021\/06\/KIVIRMA-AKS-277x300.png 277w, https:\/\/politekssunideri.com.tr\/arb\/wp-content\/uploads\/2021\/06\/KIVIRMA-AKS.png 450w\" sizes=\"(max-width: 277px) 100vw, 277px\" \/><\/a>\n\t\t\t<\/dt>\n\t\t\t\t<dd class='wp-caption-text gallery-caption' id='gallery-1-1193'>\n\t\t\t\t\u062a\u062d\u0627\u0644\u064a\n\t\t\t\t<\/dd><\/dl><dl class='gallery-item'>\n\t\t\t<dt class='gallery-icon portrait'>\n\t\t\t\t<a data-elementor-open-lightbox=\"yes\" data-elementor-lightbox-slideshow=\"63f7adb\" data-elementor-lightbox-title=\"OF\u0130S-D\u00d6\u015eEMEL\u0130K\" data-elementor-lightbox-description=\"Politeks Suni Deri\" href='https:\/\/politekssunideri.com.tr\/arb\/wp-content\/uploads\/2021\/06\/OFIS-DOSEMELIK.png'><img width=\"277\" height=\"300\" src=\"https:\/\/politekssunideri.com.tr\/arb\/wp-content\/uploads\/2021\/06\/OFIS-DOSEMELIK-277x300.png\" class=\"attachment-medium size-medium\" alt=\"\" decoding=\"async\" loading=\"lazy\" aria-describedby=\"gallery-1-1194\" srcset=\"https:\/\/politekssunideri.com.tr\/arb\/wp-content\/uploads\/2021\/06\/OFIS-DOSEMELIK-277x300.png 277w, https:\/\/politekssunideri.com.tr\/arb\/wp-content\/uploads\/2021\/06\/OFIS-DOSEMELIK.png 450w\" sizes=\"(max-width: 277px) 100vw, 277px\" \/><\/a>\n\t\t\t<\/dt>\n\t\t\t\t<dd class='wp-caption-text gallery-caption' id='gallery-1-1194'>\n\t\t\t\t\u062c\u0644\u062f \u0644\u0644\u0645\u0643\u0627\u062a\u0628\n\t\t\t\t<\/dd><\/dl><dl class='gallery-item'>\n\t\t\t<dt class='gallery-icon portrait'>\n\t\t\t\t<a data-elementor-open-lightbox=\"yes\" data-elementor-lightbox-slideshow=\"63f7adb\" data-elementor-lightbox-title=\"SPORLUK\" data-elementor-lightbox-description=\"Politeks Suni Deri\" href='https:\/\/politekssunideri.com.tr\/arb\/wp-content\/uploads\/2021\/06\/SPORLUK.png'><img width=\"277\" height=\"300\" src=\"https:\/\/politekssunideri.com.tr\/arb\/wp-content\/uploads\/2021\/06\/SPORLUK-277x300.png\" class=\"attachment-medium size-medium\" alt=\"\" decoding=\"async\" loading=\"lazy\" aria-describedby=\"gallery-1-1195\" srcset=\"https:\/\/politekssunideri.com.tr\/arb\/wp-content\/uploads\/2021\/06\/SPORLUK-277x300.png 277w, https:\/\/politekssunideri.com.tr\/arb\/wp-content\/uploads\/2021\/06\/SPORLUK.png 450w\" sizes=\"(max-width: 277px) 100vw, 277px\" \/><\/a>\n\t\t\t<\/dt>\n\t\t\t\t<dd class='wp-caption-text gallery-caption' id='gallery-1-1195'>\n\t\t\t\t\u0623\u062d\u0630\u064a\u0629 \u0631\u064a\u0627\u0636\u064a\u0629\n\t\t\t\t<\/dd><\/dl><br style=\"clear: both\" \/><dl class='gallery-item'>\n\t\t\t<dt class='gallery-icon portrait'>\n\t\t\t\t<a data-elementor-open-lightbox=\"yes\" data-elementor-lightbox-slideshow=\"63f7adb\" data-elementor-lightbox-title=\"\u015e\u0130LTEL\u0130K\" data-elementor-lightbox-description=\"Politeks Suni Deri\" href='https:\/\/politekssunideri.com.tr\/arb\/wp-content\/uploads\/2021\/06\/SILTELIK.png'><img width=\"277\" height=\"300\" src=\"https:\/\/politekssunideri.com.tr\/arb\/wp-content\/uploads\/2021\/06\/SILTELIK-277x300.png\" class=\"attachment-medium size-medium\" alt=\"\" decoding=\"async\" loading=\"lazy\" aria-describedby=\"gallery-1-1196\" srcset=\"https:\/\/politekssunideri.com.tr\/arb\/wp-content\/uploads\/2021\/06\/SILTELIK-277x300.png 277w, https:\/\/politekssunideri.com.tr\/arb\/wp-content\/uploads\/2021\/06\/SILTELIK.png 450w\" sizes=\"(max-width: 277px) 100vw, 277px\" \/><\/a>\n\t\t\t<\/dt>\n\t\t\t\t<dd class='wp-caption-text gallery-caption' id='gallery-1-1196'>\n\t\t\t\t\u0641\u0631\u0634 \n\t\t\t\t<\/dd><\/dl><dl class='gallery-item'>\n\t\t\t<dt class='gallery-icon portrait'>\n\t\t\t\t<a data-elementor-open-lightbox=\"yes\" data-elementor-lightbox-slideshow=\"63f7adb\" data-elementor-lightbox-title=\"TERL\u0130K\" data-elementor-lightbox-description=\"Politeks Suni Deri\" href='https:\/\/politekssunideri.com.tr\/arb\/wp-content\/uploads\/2021\/06\/TERLIK.png'><img width=\"277\" height=\"300\" src=\"https:\/\/politekssunideri.com.tr\/arb\/wp-content\/uploads\/2021\/06\/TERLIK-277x300.png\" class=\"attachment-medium size-medium\" alt=\"\" decoding=\"async\" loading=\"lazy\" aria-describedby=\"gallery-1-1197\" srcset=\"https:\/\/politekssunideri.com.tr\/arb\/wp-content\/uploads\/2021\/06\/TERLIK-277x300.png 277w, https:\/\/politekssunideri.com.tr\/arb\/wp-content\/uploads\/2021\/06\/TERLIK.png 450w\" sizes=\"(max-width: 277px) 100vw, 277px\" \/><\/a>\n\t\t\t<\/dt>\n\t\t\t\t<dd class='wp-caption-text gallery-caption' id='gallery-1-1197'>\n\t\t\t\t\u0627\u0644\u0646\u0639\u0627\u0644 (\u0627\u0644\u0634\u062d\u0627\u0637)\n\t\t\t\t<\/dd><\/dl><dl class='gallery-item'>\n\t\t\t<dt class='gallery-icon portrait'>\n\t\t\t\t<a data-elementor-open-lightbox=\"yes\" data-elementor-lightbox-slideshow=\"63f7adb\" data-elementor-lightbox-title=\"G\u0130Y\u0130ML\u0130K\" data-elementor-lightbox-description=\"Politeks Suni Deri\" href='https:\/\/politekssunideri.com.tr\/arb\/wp-content\/uploads\/2021\/06\/GIYIMLIK.png'><img width=\"277\" height=\"300\" src=\"https:\/\/politekssunideri.com.tr\/arb\/wp-content\/uploads\/2021\/06\/GIYIMLIK-277x300.png\" class=\"attachment-medium size-medium\" alt=\"\" decoding=\"async\" loading=\"lazy\" aria-describedby=\"gallery-1-1191\" srcset=\"https:\/\/politekssunideri.com.tr\/arb\/wp-content\/uploads\/2021\/06\/GIYIMLIK-277x300.png 277w, https:\/\/politekssunideri.com.tr\/arb\/wp-content\/uploads\/2021\/06\/GIYIMLIK.png 450w\" sizes=\"(max-width: 277px) 100vw, 277px\" \/><\/a>\n\t\t\t<\/dt>\n\t\t\t\t<dd class='wp-caption-text gallery-caption' id='gallery-1-1191'>\n\t\t\t\t\u0627\u0644\u0645\u0644\u0627\u0628\u0633\n\t\t\t\t<\/dd><\/dl><br style=\"clear: both\" \/>\n\t\t<\/div>\n\t\t<\/div>\n\t\t\t\t<\/div>\n\t\t\t\t<\/div>\n\t\t\t\t\t<\/div>\n\t\t<\/div>\n\t\t\t\t\t\t\t<\/div>\n\t\t<\/section>\n\t\t\t\t\t\t<\/div>\n\t\t\t\t\t<\/div>\n\t\t","protected":false},"excerpt":{"rendered":"<p>\u0645\u0646\u062a\u062c\u0627\u062a\u0646\u0627 \u0627\u0644\u0623\u062d\u0630\u064a- \u0623 \u0627\u0644\u0623\u062d\u0630\u064a-\u0662 \u0627\u0644\u0628\u0648\u0637 \u0627\u0644\u062d\u0642\u0627\u0626\u0628 \u062a\u0646\u062c\u064a\u062f \u0627\u0644\u0645\u0641\u0631\u0648\u0634\u0627\u062a \u0627\u0644\u062d\u0632\u0627\u0645 (\u0627\u0644\u0642\u0634\u0627\u0637) \u062a\u062d\u0627\u0644\u064a \u062c\u0644\u062f \u0644\u0644\u0645\u0643\u0627\u062a\u0628 \u0623\u062d\u0630\u064a\u0629 \u0631\u064a\u0627\u0636\u064a\u0629 \u0641\u0631\u0634 \u0627\u0644\u0646\u0639\u0627\u0644 (\u0627\u0644\u0634\u062d\u0627\u0637) \u0627\u0644\u0645\u0644\u0627\u0628\u0633<\/p>\n","protected":false},"author":1,"featured_media":0,"parent":0,"menu_order":0,"comment_status":"closed","ping_status":"closed","template":"page-templates\/home.php","meta":[],"_links":{"self":[{"href":"https:\/\/politekssunideri.com.tr\/arb\/wp-json\/wp\/v2\/pages\/69"}],"collection":[{"href":"https:\/\/politekssunideri.com.tr\/arb\/wp-json\/wp\/v2\/pages"}],"about":[{"href":"https:\/\/politekssunideri.com.tr\/arb\/wp-json\/wp\/v2\/types\/page"}],"author":[{"embeddable":true,"href":"https:\/\/politekssunideri.com.tr\/arb\/wp-json\/wp\/v2\/users\/1"}],"replies":[{"embeddable":true,"href":"https:\/\/politekssunideri.com.tr\/arb\/wp-json\/wp\/v2\/comments?post=69"}],"version-history":[{"count":66,"href":"https:\/\/politekssunideri.com.tr\/arb\/wp-json\/wp\/v2\/pages\/69\/revisions"}],"predecessor-version":[{"id":1382,"href":"https:\/\/politekssunideri.com.tr\/arb\/wp-json\/wp\/v2\/pages\/69\/revisions\/1382"}],"wp:attachment":[{"href":"https:\/\/politekssunideri.com.tr\/arb\/wp-json\/wp\/v2\/media?parent=69"}],"curies":[{"name":"wp","href":"https:\/\/api.w.org\/{rel}","templated":true}]}}